{"id":205,"date":"2025-12-11T12:30:06","date_gmt":"2025-12-11T11:30:06","guid":{"rendered":"https:\/\/fundaciondoblesonrisa.com\/getxozurekin\/?page_id=205"},"modified":"2025-12-16T11:05:07","modified_gmt":"2025-12-16T10:05:07","slug":"leyes-convenios-y-normativas","status":"publish","type":"page","link":"https:\/\/fundaciondoblesonrisa.com\/getxozurekin\/leyes-convenios-y-normativas\/","title":{"rendered":"LEYES, CONVENIOS Y NORMATIVAS"},"content":{"rendered":"\t\t<div data-elementor-type=\"wp-page\" data-elementor-id=\"205\" class=\"elementor elementor-205\" data-elementor-post-type=\"page\">\n\t\t\t\t<div class=\"elementor-element elementor-element-305baf7 e-flex e-con-boxed e-con e-parent\" data-id=\"305baf7\" data-element_type=\"container\">\n\t\t\t\t\t<div class=\"e-con-inner\">\n\t\t\t\t<div class=\"elementor-element elementor-element-f877b1b elementor-widget elementor-widget-heading\" data-id=\"f877b1b\" data-element_type=\"widget\" data-widget_type=\"heading.default\">\n\t\t\t\t\t<h2 class=\"elementor-heading-title elementor-size-default\">LEYES, CONVENIOS Y NORMATIVAS<\/h2>\t\t\t\t<\/div>\n\t\t\t\t<div class=\"elementor-element elementor-element-62057df elementor-widget elementor-widget-text-editor\" data-id=\"62057df\" data-element_type=\"widget\" data-widget_type=\"text-editor.default\">\n\t\t\t\t\t\t\t\t\t<div class=\"fusion-layout-column fusion_builder_column fusion-builder-column-1 fusion_builder_column_1_1 1_1 fusion-flex-column\"><div class=\"fusion-column-wrapper fusion-flex-justify-content-center fusion-content-layout-column\"><div class=\"fusion-text fusion-text-1\"><ul><li class=\"p1\"><span class=\"s2\"><a href=\"https:\/\/www.fundacioncaser.org\/autonomia\/documentacion-y-tramites-para-solicitar-la-valoracion-de-la-dependencia\" target=\"_blank\" rel=\"noopener noreferrer\"><b>Documentaci\u00f3n y tr\u00e1mites para solicitar la valoraci\u00f3n de la dependencia<\/b><\/a><span class=\"s1\">\u00a0<\/span><\/span><\/li><li class=\"p1\"><span class=\"s2\"><a href=\"https:\/\/www.fundacioncaser.org\/autonomia\/pais-vasco\" target=\"_blank\" rel=\"noopener noreferrer\"><b>Fundaci\u00f3n Caser. Dependencia en el Pa\u00eds Vasco<\/b><\/a><\/span><\/li><li class=\"p1\"><span class=\"s2\"><a href=\"https:\/\/www.fundacioncaser.org\/discapacidad\/preguntas-frecuentes-discapacidad\" target=\"_blank\" rel=\"noopener noreferrer\"><b>Fundaci\u00f3n Caser. Preguntas Frecuentes Discapacidad<\/b><\/a><\/span><\/li><\/ul><\/div><\/div><\/div>\t\t\t\t\t\t\t\t<\/div>\n\t\t\t\t\t<\/div>\n\t\t\t\t<\/div>\n\t\t\t\t<\/div>\n\t\t","protected":false},"excerpt":{"rendered":"<p>LEYES, CONVENIOS Y NORMATIVAS Documentaci\u00f3n y tr\u00e1mites para solicitar la valoraci\u00f3n de la dependencia\u00a0 Fundaci\u00f3n Caser. Dependencia en el Pa\u00eds Vasco Fundaci\u00f3n Caser. Preguntas Frecuentes Discapacidad<\/p>\n","protected":false},"author":1,"featured_media":0,"parent":0,"menu_order":0,"comment_status":"closed","ping_status":"closed","template":"","meta":{"footnotes":""},"class_list":["post-205","page","type-page","status-publish","hentry"],"_links":{"self":[{"href":"https:\/\/fundaciondoblesonrisa.com\/getxozurekin\/wp-json\/wp\/v2\/pages\/205","targetHints":{"allow":["GET"]}}],"collection":[{"href":"https:\/\/fundaciondoblesonrisa.com\/getxozurekin\/wp-json\/wp\/v2\/pages"}],"about":[{"href":"https:\/\/fundaciondoblesonrisa.com\/getxozurekin\/wp-json\/wp\/v2\/types\/page"}],"author":[{"embeddable":true,"href":"https:\/\/fundaciondoblesonrisa.com\/getxozurekin\/wp-json\/wp\/v2\/users\/1"}],"replies":[{"embeddable":true,"href":"https:\/\/fundaciondoblesonrisa.com\/getxozurekin\/wp-json\/wp\/v2\/comments?post=205"}],"version-history":[{"count":0,"href":"https:\/\/fundaciondoblesonrisa.com\/getxozurekin\/wp-json\/wp\/v2\/pages\/205\/revisions"}],"wp:attachment":[{"href":"https:\/\/fundaciondoblesonrisa.com\/getxozurekin\/wp-json\/wp\/v2\/media?parent=205"}],"curies":[{"name":"wp","href":"https:\/\/api.w.org\/{rel}","templated":true}]}}